 - (1 + -2)?
8
Let u(c) = c**3 + 11*c**2 + 8*c + 6. Let k(x) = x**2 - 8*x + 5. Let s be k(5). What is the tens digit of u(s)?
2
Let k be 171/15 - (-6)/10. What is the tens digit of 144/k - (-1 + -1)?
1
Suppose 4*v - v = 4*a - 10, -3*a = -v - 10. Suppose -4*b = -8*b + v*t + 16, -5*b - 4*t = -46. What is the units digit of b?
6
Let i(v) = -v**2 - 7*v - 8 + 0*v + v + 6. Let o be i(-5). Suppose -l - p = -5, 2*l + 9 = o*l - 3*p. What is the units digit of l?
6
Suppose 37 = 3*j - 65. What is the units digit of j?
4
Suppose 0 = -3*y - y + 5*r + 403, -y = 5*r - 82. What is the tens digit of y?
9
Suppose -2*s + 10 = 2. Let q(a) = 3 - s - a - 3. What is the units digit of q(-5)?
1
What is the units digit of 1/(2/304) + (-15 - -12)?
9
Let x(m) be the third derivative of -m**6/120 + m**5/10 + m**3 - 7*m**2. What is the tens digit of x(5)?
3
Let y(s) = s + 11. Let w be y(-6). Suppose 0 = 2*m + o - 21, -m + w*o = -6*m + 60. What is the units digit of m?
9
Let h be 0 + -3 + (12 - -2). Let g = h - 9. What is the units digit of g?
2
Suppose 3*o + 17*z - 154 = 21*z, 2*z = 10. What is the tens digit of o?
5
Let i(z) = 2*z**2 - 3*z - 3. Let s be i(3). Let m(r) = r - 6. Let d be m(s). Suppose d*b + 2*b - c - 34 = 0, -c = 4*b - 74. What is the units digit of b?
8
Let o be (35/(-28))/(1/(-4)). Suppose -4*g - y = -143, 4*g - o*y = -27 + 152. Suppose 2*p + g = 3*z, -3*p - 3 - 9 = 0. What is the units digit of z?
9
Suppose -168 = -g + 4*g. Let b = g + 91. What is the tens digit of b?
3
Suppose 21 - 1 = 5*f. Suppose 5*m + 2*x - 23 = -3, 0 = -m + 3*x + f. Let z = m - -1. What is the units digit of z?
5
Suppose -19 = 2*m + q - 76, 4*m = -q + 109. What is the tens digit of m?
2
Suppose 2*m + 0*m = -88. Let u be m/(-3)*6/(-4). Let t = -16 - u. What is the units digit of t?
6
Suppose -3*w + 0 = 12. What is the units digit of w*(-2 + 3/(-6))?
0
Suppose 0 = 3*h + 2*h. What is the units digit of 18 - h/(5 - 3)?
8
Let h(n) = -n**3 + 8*n**2 + 10*n - 9. Let y be h(9). Suppose 5*r + 2*u = 162, -5*r + 5*u + 172 + 18 = y. What is the tens digit of r?
3
Suppose 0 = -4*n - 12 + 28. Suppose -2*d + n*d = 3*o - 54, 0 = 2*o - d - 35. What is the tens digit of o?
1
Let p(n) = -2*n**3 + 12*n**2 - 7*n - 7. What is the units digit of p(5)?
8
Suppose 7 = i - 2*d, -13 + 3 = 5*d. Suppose 2*f - 70 = -i*f. Suppose -n + f = n. What is the units digit of n?
7
Let b be (-6 + -4)/(1 + -3). Suppose 1 = 2*k - b. Suppose -j + 3*j - 34 = -k*t, 0 = -4*j + 8. What is the units digit of t?
0
Let f(d) = 8*d - 15. Let o(c) = 17*c - 31. Let q(t) = 13*f(t) - 6*o(t). What is the units digit of q(6)?
3
Let y(w) = w**2 - 4*w + 1. Let p be y(4). Let r = 5 + p. What is the units digit of r?
6
Let m(i) = 6*i + 3. Let f be m(3). Let l = -13 + f. What is the units digit of l?
8
What is the tens digit of 200/(-5)*-1 + 5?
4
Let t(v) = -v**3 - 6*v**2 + 5*v + 3. What is the tens digit of t(-7)?
1
Suppose 108 = -4*q + 4*f, -3*q - 56 = f + f. Let b be 18/22 + (-4)/q. Suppose -5*m + b = -4. What is the units digit of m?
1
Suppose 0 = 4*b - 0*b. Suppose -4*u = 5*f + 5, 2*u + f = 3*u - 10. Suppose -l = -u - b. What is the units digit of l?
5
Let d be (-476)/(-49) + (-2)/(-7). Suppose -5*r - 2*c - 14 = 0, d = -4*r - 4*c + 3*c. What is the units digit of (r/2)/(2/(-10))?
5
Suppose 5*i - 1044 = -q, -i = -q - 4*q - 188. Suppose -5*k + i - 58 = 0. What is the units digit of k?
0
Let l be -2*(-4*1 - -2). Let p(u) = -5 + 0 + u**2 + 1 - u. What is the units digit of p(l)?
8
Let l(n) = -n**3 + n**2 + 1. Let d(m) = -3*m**3 + 6*m**2 - 4*m + 7. Let w(z) = -d(z) + 2*l(z). What is the tens digit of w(4)?
1
Suppose -17 = 5*r + 18. Let j(l) = l**3 + 5*l**2 - 10*l - 1. Let q be j(r). Let x = 41 + q. What is the units digit of x?
2
Suppose -3*r = 2 + 1. Let a be r*(-1 + 2)*-4. Suppose -2*q = -a*q + 8. What is the units digit of q?
4
Suppose -457 = -10*d + 383. What is the tens digit of d?
8
Let c be 7 + 0 - (-2 - -2). Let d(k) = -k**3 + 8*k**2 - 7*k - 5. Let t be d(c). Let p = -2 - t. What is the units digit of p?
3
Let u = 17 - 8. Let q = 16 - u. What is the units digit of q?
7
Let t be (-3)/(-12) - (-60)/16. Let g(o) = -o - 2*o + t*o + 1. What is the units digit of g(6)?
7
Suppose 3 = -2*y + 9. Suppose 2*z - y = z. What is the units digit of z/(-2) - (-30)/12?
1
Let l(y) = -3*y + 2. Let f(i) be the first derivative of -9*i**2/2 + 5*i - 3. Let s(u) = 3*f(u) - 8*l(u). What is the units digit of s(-2)?
5
Let m = 44 + -44. Let p(l) = -l + 1. Let o be p(-2). Suppose -g + o + 5 = m. What is the units digit of g?
8
Let g(o) = -7*o**2 + 5*o**3 + 6 - 3*o**3 - o**3. Let z be g(6). Let t = -17 - z. What is the tens digit of t?
1
Let c(r) = 3*r. Let v be c(6). Let u = v - 7. What is the tens digit of u?
1
What is the units digit of ((-24)/9 - -2)*(-63)/2?
1
Let n(t) = 3*t + 12. Let s(m) = -4*m - 13. Let v(j) = 3*n(j) + 2*s(j). Let c be v(0). What is the units digit of -1 + 1 - (2 - c)?
8
Let m(i) = i + 4. Let n be m(-3). Let k(b) be the first derivative of 10*b**2 + b + 1. What is the units digit of k(n)?
1
Let u = 21 + -21. Suppose -2*q + 0*q = 0. Suppose u*b + 2*b - 22 = q. What is the tens digit of b?
1
What is the units digit of 50/2 - (-4 - -8)?
1
What is the units digit of (2/(-3))/(1/(-63))?
2
Suppose 5 = -u, o + 24 = -5*u - 24. Let s = o - -32. What is the units digit of s?
9
Suppose 5*j + 9 = -6. What is the units digit of (-1)/j*6/1?
2
Let u(c) = -c**3 - 4*c**2 - 5*c - 3. Let l be u(-3). Suppose 5*p = -3*j - 3 - 6, -j + 3*p = l. What is the tens digit of 17 + (j/(-3) - 1)?
1
Let g(z) = z - 1 + 1 + 1 - 2*z**3. Let x be g(-1). Suppose 0 = 2*w + x - 10. What is the units digit of w?
4
Let f(r) = -r + 9. Let v be f(7). Suppose v*n - 11 + 5 = 0. Let o(m) = 2*m - 3. What is the units digit of o(n)?
3
Let j = 13 - 11. Let w(p) = 3*p**2 - p - 1. What is the units digit of w(j)?
9
Let m = -70 + 124. Suppose -2*n - n = m. What is the units digit of 9*2/n*-3?
3
Let c(x) = x**2 - 8*x - 4. Let r be c(6). What is the units digit of r/4*-1*1?
4
What is the units digit of (-172)/(-3) + 12/(-9)?
6
What is the units digit of ((-5024)/(-72) - -2) + 2/9?
2
Let h = 25 - 14. Suppose -2*z - h = -35. What is the tens digit of z?
1
Let i be (-43)/(-9) - (-8)/36. Let v(l) = l. Let f be v(3). Suppose 0*w = -3*t - f*w + 12, i*t - 2*w - 27 = 0. What is the units digit of t?
5
Let u(g) = 3*g + 5. Let w = 0 - -4. What is the tens digit of u(w)?
1
Let n be ((-45)/(-12))/(-3)*-4. Suppose 3*k + 2*d - 5*d - 114 = 0, n*k = -4*d + 181. What is the units digit of k?
7
Suppose -10*u = -13*u + 168. What is the tens digit of u?
5
Let f = -8 - -15. Let k = 3 - f. What is the units digit of (-1)/k - (-141)/12?
2
Suppose -4*l + 208 = 4*v, 0*l = -3*l - 3. Let i = v - 35. What is the units digit of i?
8
Let s = -25 + 76. What is the tens digit of s?
5
Suppose 50 = 5*k + 2*p, 2*k + p - 11 = 9. What is the tens digit of k?
1
Let a = -2 - -3. Let p be -8*a*(1 + 0). What is the units digit of (p/(-10))/((-2)/(-15))?
6
Let a = 4 + -28. Let f be -3*a/(-9)*-1. Let y = f - 4. What is the units digit of y?
4
Suppose 0 = -l - 2*l - 6. Let i(p) = -p - 1. What is the units digit of i(l)?
1
Let k(z) = z**3 - 8*z**2 + 8*z + 5. Let y(m) = m**3 - 3*m**2 + 2*m + 1. Let p be y(3). What is the units digit of k(p)?
2
Let j(l) = 4*l**2 - 25*l + 9. What is the hundreds digit of j(11)?
2
Let c(i) = -3*i. Let r be c(-1). Suppose 42 = r*d - 3*y, 0*d - y = 3*d - 34. What is the units digit of (8/2)/(d/6)?
2
What is the units digit of -1 + 1 + -2 + (32 - -1)?
1
What is the tens digit of -4 - ((-4)/(-4) + -26)?
2
Suppose -4*k + 3*k + 51 = 4*q, -5*q - 5*k = -45. Let t = q - 10. What is the units digit of t?
4
What is the units digit of (-33)/44 + 315/4?
8
Let s(b) = -4*b - 5. What is the tens digit of s(-6)?
1
Let j(v) be the third derivative of 0 + 0*v + 1/30*v**5 - 1/40*v**6 + 1/12*v**4 + 1/6*v**3 + v**2. What is the units digit of j(-1)?
4
Let j(g) = 2*g - 5. Let s be j(5). Suppose m - 5 = 2*b - 0*b, s*m = -5*b + 40. What is the units digit of m?
7
Let i be ((-4)/(-12))/((-3)/(-45)). Let r = i + -3. What is the units digit of r?
2
Suppose -4*w = 5*q - 1108, 3*w - 4*q - 198 = 633. What is the hundreds digit of w?
2
Suppose m - 32 = -3*m. Let o = m - 4. What is the units digit of (-2 + 4)*2/o?
1
Suppose 8*t - 3*t -